t(g)?
15
Let v(j) = 11*j**2 + 5*j - 14. Let c(u) = 14*u**2 + 7*u - 15. Let w(f) = -4*c(f) + 5*v(f). Calculate w(-3).
-10
Let b(w) = 14*w - 29. Let z(c) = 17*c - 26. Let x(l) = 6*b(l) - 5*z(l). What is x(-21)?
-23
Let w(n) = n - 9. Let z be w(6). Suppose 0 = -24*x + 5*x + 114. Let c(k) = -32*k + x - 13 + 8 + 35*k. Determine c(z).
-8
Let c(q) be the third derivative of -2*q**5/15 - q**4/12 - q**3/2 + q**2 - 2512. Give c(3).
-81
Let q(b) = -b**3 + 4*b**2 - 4*b + 10. Let s(v) = -16*v**2 + 10*v + 195. Let x(t) = -3*t**2 + 2*t + 39. Let u(o) = -2*s(o) + 11*x(o). Let y be u(7). Give q(y).
-6
Let h(c) = c**2 - c - 1. Let v be h(-2). Suppose 25 = -2*m - 5*z, -3*m + 11 + 9 = -4*z. Let p(s) = 6*s**2 - 7*s - 2*s**3 + s**3 + m*s - 5 + 4*s. Calculate p(v).
5
Let p(s) = s**2 - 1. Let i(h) = 4*h**2 - 4. Let t(g) = 3*i(g) - 14*p(g). Let j(r) = 2*r**2 - 2. Let a be j(-2). Let n = a - 8. Calculate t(n).
-6
Let l = -986 - -984. Let n(i) be the first derivative of 9*i**2 + 9. Determine n(l).
-36
Let l(g) be the first derivative of 5*g**3/3 + 59*g**2/2 - 79*g + 2390. What is l(-13)?
-1
Let r(h) = 17*h + 99. Let t be r(-6). Let l be (-30)/(-18) - 4/t. Let k(g) = 9*g + 1. Let i(n) = 4*n + 1. Let z(m) = -7*i(m) + 3*k(m). What is z(l)?
-7
Let y(b) = -3*b + 9. Let a = 18 + -8. Let x = -343 + 347. Let w be (a - (x - 1))*1. Determine y(w).
-12
Suppose -5*o = -4*w + 161, -179 = 5*o + 2*w - 42. Let j = 60 + o. Suppose j = 5*u + 6. Let g(l) = l**3 - 5*l**2 - 4*l + 5. Give g(u).
-15
Let u = 5675 - 5671. Let i(v) be the first derivative of -v**5/20 + v**4/2 - 5*v**3/6 - 3*v**2/2 - v + 2. Let y(o) be the first derivative of i(o). Give y(u).
9
Let z(f) = -f**2 - 332 + f**3 - 334 - 3*f + 667. Let x(n) = -n**2 - 22*n - 119. Let t be x(-11). Give z(t).
-1
Let c(f) = -19*f - 61. Let j = -8090 - -8086. Give c(j).
15
Let r(a) = 13*a**2 - 21 - 2*a + a**3 - 59*a**2 + 3*a**2 + 50*a**2. Calculate r(-6).
27
Let t(c) be the third derivative of -c**6/120 + c**5/15 + 5*c**4/24 + c**3/3 + 8*c**2 - 4477. Let m = -7 - -11. Give t(m).
22
Let b(h) = 4*h**2 - 3*h + 1. Let w(l) = -2*l**3 + 25*l**2 + 9*l - 3. Let x be w(13). Let p be (-30)/x - 15/(-33). Determine b(p).
2
Let b = -446 + 435. Let x(i) = -20*i + 3. Let k(f) = 37*f - 5. Let u(s) = b*x(s) - 6*k(s). Give u(6).
-15
Suppose -971*i + 217 = -978*i. Let z(f) = f**3 + 32*f**2 + 33*f + 19. Determine z(i).
-43
Let m(g) = g**3 - 16*g**2 + 8*g + 27. Let o be m(15). Let u = -76 - o. Let j(x) = -7 - x**u - 11*x - 23 + 24. What is j(-5)?
24
Let m = -192 - -191. Let d(i) = 51*i - 2. What is d(m)?
-53
Suppose -93*d - 4 = -95*d. Let u(v) = -18*v**2 + 29*v**d - 5 - 10*v**2 + 2*v. Calculate u(-5).
10
Suppose -3*a - a = -4. Suppose -3 = 4*i + a. Let k(n) = -39*n - 376. Let c(j) = 21*j + 215. Let z(y) = -7*c(y) - 4*k(y). What is z(i)?
-10
Let j(b) = 2 + 15*b + 0*b**3 + 2031*b**2 - 5*b - 9*b - 2029*b**2 - b**3. Let f(z) = z - 2*z - 2*z. Let y be f(-1). Determine j(y).
-4
Suppose 4*y + 38 = -5*k, 4*k - 6*y + 5*y + 22 = 0. Let t be (4/3 - 1)*k. Let o(b) be the second derivative of 5*b**3/6 + b**2/2 + b. Calculate o(t).
-9
Let t be 13 + 7*(-108)/63. Let d(p) = -p**3 + p + 3. Let j be d(0). Let y(q) = 0*q**j + 2 - q**3 - 1. Determine y(t).
0
Let h(j) be the second derivative of 3*j**3/2 - 46*j**2 - 753*j + 6. Give h(12).
16
Suppose 0 = 2*u - 9*u + 35. Let s(q) = -25*q + 54*q - 1 - 27*q - u. Calculate s(4).
2
Let h(t) = 3 + 10*t - 2*t**3 - 9*t**2 + 2*t**3 - t**3. Suppose 0 = -11*m + 2 + 20. Suppose 2*c + d = -4*d - 15, 0 = m*d - 2. Give h(c).
3
Let c(z) = -8*z + 1. Let v(u) = u**2 - 11*u - 13. Suppose 10*q + 105 = 225. Let x be v(q). Calculate c(x).
9
Let v(x) = x**3 - 16*x**2 + 30*x - 25. Let a = -13949 - -13963. Calculate v(a).
3
Let m(t) be the third derivative of t**6/120 + 11*t**5/60 + 5*t**4/12 + 3*t**3/2 - 792*t**2. Determine m(-10).
9
Suppose 0 = -3*s, 4*u + 3*s = 2*s - 8. Let b = 41 - 22. Let m(p) = 1 + 20*p**2 - 40*p**2 + b*p**2 - 4*p. What is m(u)?
5
Let r be 5/(80/(-12))*-192 - -3. Let p(d) = -d - r + 70 + 66. Determine p(-7).
-4
Let m = -10653 + 10670. Let j(y) = -y**2 + 14*y + 42. Determine j(m).
-9
Let c(v) = v**2 - 10*v + 8. Let q(i) = -i**2 - i + 3. Let b be q(2). Let p(k) = -k**2 + 8*k + 41. Let x be p(b). Give c(x).
-8
Let i(s) = -19*s**2 + 2*s - 2. Suppose -25*l - 4*m = -24*l + 37, -8*l - 26 = 2*m. Give i(l).
-23
Let i(q) = -q + 3. Let h(f) = -4*f + 52. Let d(k) = -h(k) + 12*i(k). Let x = -4 + 0. Let a(p) = 3*p + 5. Let u(r) = x*d(r) - 11*a(r). Calculate u(5).
4
Let g(t) = 5*t**2 - 40*t + 1. Let v = 10894 - 10886. Determine g(v).
1
Let z(u) = 2*u**2 - 8*u - 4. Let m = -188 + 203. Suppose 81*y - 84*y + m = 0. Give z(y).
6
Let l(w) be the first derivative of w**4/12 - w**3/2 - 5*w**2/2 + 38*w - 15. Let n(t) be the first derivative of l(t). Calculate n(6).
13
Let y(j) be the third derivative of j**5/60 + j**4/2 - 2*j**3/3 - 164*j**2 - 8. What is y(-8)?
-36
Let t(c) = -c - 9. Let g be 0/1 + (2 + -4 - -42). Suppose 4*x + g = -f, 0 = 5*x - 4*f + 21 + 8. Determine t(x).
0
Let b(x) = 639*x**3 + x - 15*x**2 + 14*x + 4*x - 638*x**3 + 18. What is b(13)?
-73
Let u(f) be the first derivative of f**2/2 - 2*f + 3182. Let y(a) = 9*a - 9. Suppose 5*x = 2 - 17. Let t(o) = x*u(o) + y(o). Determine t(2).
9
Let x(n) be the third derivative of 3*n**4/8 - n**3/3 + 834*n**2. Determine x(1).
7
Let t(n) be the first derivative of -n**4/4 - 5*n**3/3 + 13*n**2 + 122*n - 3923. Calculate t(-6).
2
Suppose -4*m - 11 = 3*c, -75 = 5*m - 50. Let l(z) = 26*z - 35. Let f(p) = 9*p - 12. Let t(h) = -11*f(h) + 4*l(h). Calculate t(c).
7
Let j(b) = 32. Let d(t) = t**3 - 8*t**2 + 4*t - 104. Let n(h) = -d(h) - 3*j(h). What is n(8)?
-24
Let y(b) be the third derivative of b**5/60 + b**4/6 + 5*b**3/6 - 56*b**2. Let t = 144 - 92. Suppose -t*o - 5 = -51*o. What is y(o)?
10
Suppose -3 = z - 2*a, 3*z - 3*a - 41 = 8*z. Let y(p) = -17*p - 15. Let m(o) = 5*o + 5. Let q(k) = z*m(k) - 2*y(k). Suppose 0*d - 20 = 5*d. Determine q(d).
-1
Let i(c) = -c**2 + c + 8. Let j be i(-2). Let a(l) = -128 + j*l + 244 - 123. Give a(9).
11
Suppose 2*s + m - 114 = -33, -141 = -3*s + 5*m. Let l(o) = -s*o + 80*o - 37*o. Let z(x) = -6*x + 1. Let g(i) = -4*l(i) - z(i). Determine g(1).
1
Suppose -20*m - 7 = 4*y - 23*m, -2*y + 14 = 2*m. Let z(v) be the first derivative of -4*v**2 + 3*v + 81. Calculate z(y).
-13
Let u(o) be the first derivative of -o**3/3 + 3*o**2/2 - 8*o + 1565. What is u(7)?
-36
Let w(v) = -7 - 825*v - 2 + 0 + 824*v. Calculate w(8).
-17
Let c(v) = -v**3 + 5*v**2 - 2. Let b be (0 - -402)/6 - 5. Suppose 5*t + 19 = 3*a + 192, -2*t = a - 78. Suppose 5*l - b = -t. Calculate c(l).
-2
Let k(d) = -d**2 - 4*d + 1. Suppose -2*c = 3*o + 92, 2*c + 2*o = -2*c - 168. Let q be 35/5*108/21. Let f = c + q. Determine k(f).
1
Let d be 1/((-10)/(-4)) - (-1860)/(-150). Let b(l) = l**3 + 10*l**2 - 19*l + 27. Give b(d).
-33
Let l(w) = -w**3 - 7*w**2 - 9*w - 3. Let g be l(-6). Suppose 3 = -18*c - g. Let y(z) = -6*z**2 - 1. Determine y(c).
-7
Let z(j) = 3*j - 2. Let o = 12 - 6. Suppose -o*y + 5*y = 5. Determine z(y).
-17
Let j(u) = -u**2 + 24*u + 7. Suppose -1277 = -130*y + 1843. Determine j(y).
7
Suppose 34*t - 114 = 31*t. Suppose 8*q = 6*q + t. Let h(m) = 4*m + q*m**3 + 3 + 0*m**2 - 8*m**3 + 4*m**2 - 12*m**3. Give h(5).
-2
Let l(v) = -2*v**3 + 12*v**2 + 15*v - 4. Let n be l(7). Suppose 180 = -n*k + 21*k. Let i(p) = p - 2. Calculate i(k).
8
Let b(m) = -45*m - 1. Let r(y) = 181*y + 53. Let g(x) = 4*b(x) + r(x). Determine g(10).
59
Suppose -3*d + 3*c + 8181 = 0, 3*c = -5*d - 2*c + 13685. Let n = d - 734. Let g(h) = -h**3 - 4*h + 7*h**2 + 2000 - n + 0*h. Give g(6).
14
Let s(a) be the third derivative of a**6/120 - 13*a**5/60 + a**4/2 + a**3/3 + 104*a**2. Suppose 48 = 4*g + 2*z, 3*g - 40 = -2*z - 4. Give s(g).
2
Suppose 23 - 5 = -9*n. Let i(x) be the first derivative of x**3/3 - 3*x**2/2 - 5*x - 114. Give i(n).
5
Let o(m) = 8*m - 13. Let g be o(2). Let v(n) = 0*n - 109*n**2 + 111*n**2 + 0*n - n. Determine v(g).
15
Let f be (-24)/180 - 141/(-45). Let n be (0 - (-35)/(-21))*f. Let x(v) = v**3 + 4*v**2 - 6*v - 1. Calculate x(n).
4
Let l(z) = -z**3 - 4*z**2 + z + 3. Let w(c) = -c**2 - 8*c + 43. Let t be w(4). Let j be 6/(60/t) + 86/4. Suppose j*p + 64 = 5*p. Calculate l(p).
-1
Let f(z) be the third derivative of z**8/10080 - z**7/